+ 2*w + 1. Let q be (34 + -2)*(0 - -1). Let r be 11/4 + 8/q. Calculate a(r).
-2
Let d(a) = -a**2 - a - 2. Suppose 5*o = -6 + 66. Let w = -12 + o. Give d(w).
-2
Let a = 1 - -2. Let k(q) = 0*q**a - 6*q**3 + 3*q**3 + 4*q**3 - 4*q + 3*q**2 + 5. Give k(-4).
5
Let q(w) = w**2 + 5*w + 3. Suppose 3*l + 4*o + 10 = 0, l - o = 3*l + 5. Let y = -2 + l. What is q(y)?
-1
Let j(a) = -a**3 - 6*a**2 + 7*a + 5. Let q = 38 - 45. Give j(q).
5
Let b(y) be the first derivative of y**3/3 + 3*y**2 - 89. Let i(z) = z - 6. Let c be i(0). Give b(c).
0
Let i(z) = 3*z**2 + 3*z + 2. Suppose 3*g = 4*v + 14, -3*g + 0 - 2 = 4*v. Determine i(v).
8
Let o(b) be the first derivative of -b**3/3 + b**2/2 + 1. Let g(t) = -t + 11. Let c be g(7). Suppose 9 = 5*n + 3*a, -n = -c*n - 4*a + 12. Give o(n).
0
Suppose -22 = -9*k + 23. Let g(t) be the first derivative of 1/2*t**2 - k*t + 2. Determine g(4).
-1
Suppose 2*m = 2 + 2. Let j be m/4 + (-28)/8. Let u(x) = x**2 + 2*x. Let c be u(j). Let o(q) = -q**3 + 3*q**2 - q + 4. Calculate o(c).
1
Let d(b) = -8*b**2 + 7*b - 7. Let a(v) = -7*v**2 + 6*v - 6. Let u(j) = 7*a(j) - 6*d(j). Determine u(2).
-4
Let n(p) be the first derivative of -1/2*p**2 - 2 + 10*p. Determine n(6).
4
Let f(z) be the third derivative of -z**6/120 - z**5/20 + 5*z**4/24 - z**3/6 + 7*z**2. What is f(-4)?
-5
Let g(c) = -7*c - 8. Let d(a) = -3*a - 4. Let h(m) = 5*d(m) - 2*g(m). Give h(-3).
-1
Let w(y) be the third derivative of -y**6/120 + y**5/15 + y**4/12 - y**3/2 + 6*y**2. Give w(3).
12
Let o(w) = w**3 + 7*w**2 + 7*w + 8. Let h be o(-6). Let m be 0*(h*-2)/(-8). Let v(t) = -t - 7. Determine v(m).
-7
Let j(w) = w**2 - 6*w + 7. Let d be j(5). Suppose d*n - 2*a = -2*n + 6, -7 = -4*n + 3*a. Suppose 0*h = h + n. Let o(t) = 3*t**3 + 2*t + 1. Give o(h).
-4
Let a(j) = -10*j**2. Let o be (3/9)/(7/21). Determine a(o).
-10
Suppose 1 = k, 3*c - 2*k = -1 - 22. Let p(w) = -2*w - 8. Let l be p(c). Let z(x) = -9*x - 8. Let y(a) = -5*a - 4. Let h(m) = -11*y(m) + 6*z(m). Determine h(l).
2
Let w(p) = 7*p + 1. Let u(x) = -13*x - 2. Let o(k) = 6*u(k) + 11*w(k). Calculate o(-4).
3
Let q(j) = j**2 + 2*j. Let o(k) = 37*k + 2. Let y be o(2). Let n be (-10)/(-25) + y/10. Let a(t) = -t**2 + 8*t + 2. Let m be a(n). Determine q(m).
8
Let b be (-2 - -5)*(-2)/(-3). Let d(t) = -1 + 0 - 3*t - t**b - 3 - 2. What is d(-4)?
-10
Let o(x) = -8*x**2 - 2 + 7*x + 2 - 1 + x**3. What is o(7)?
-1
Suppose r = 3*p + 21, -r + p - 13 = -4*r. Let k(y) = y - 9. What is k(r)?
-3
Let z(p) = 5*p - p - 5*p**2 + p**3 - 3 + 0*p. Let s be z(4). Let a(b) = b. What is a(s)?
-3
Let f(l) be the third derivative of -l**6/120 + l**4/24 - l**3/3 + 4*l**2. Calculate f(-2).
4
Let j be 12*(-3)/63 + (-4)/(-7). Let x(l) be the second derivative of -l**5/20 + l**4/12 - l**3/6 + 9*l**2/2 + l. Give x(j).
9
Let y be -1*(-1*2)/2. Let k(p) = 2 - y + 2 - 2*p. Suppose 4*r - 4*x = -1 - 3, 0 = -3*r + 4*x - 7. What is k(r)?
-3
Let v be ((-8)/6)/((-3)/9). Let k(h) = -h - 2*h - 2*h - v*h. Calculate k(-1).
9
Suppose 3*q = x + 20, -4*q + 2*q = 5*x + 15. Let u(s) = -s + 3. Determine u(q).
-2
Suppose -5*u + 11 = 3*w, -6 = -4*w + 3*u - u. Suppose 0 = -w*x - 4 + 14. Let v(t) = t**2 - 3*t - 3. Give v(x).
7
Let f be -1*2/(-4)*6. Let h(k) = k - 1. Let l(a) be the second derivative of 5*a**3/6 - 5*a**2/2 - 4*a. Let c(w) = -2*h(w) + l(w). Give c(f).
6
Let o(s) = -s**3 + 5*s**2 - s - 2. Let t(k) = -2*k + 1 + 3*k + 4*k - k**2. Let w = 9 + -5. Let q be t(w). Give o(q).
-7
Let x(g) be the third derivative of -1/120*g**6 + 0 + 1/20*g**5 + 0*g + 6*g**2 + 5/24*g**4 - 2/3*g**3. Calculate x(4).
0
Let p(u) be the third derivative of u**6/120 + 7*u**5/60 + u**4/24 + 5*u**3/6 - 2*u**2. What is p(-7)?
-2
Suppose 3*k = 3*z - 9, -3*z + 19 = -3*k + 2*z. Let v(h) be the second derivative of h**3 + 0 - 3*h - 7/2*h**k - 1/12*h**4. What is v(5)?
-2
Let j(o) = -o**3 - 7*o**2 - 5*o + 6. Let c be j(-6). Suppose 3*f = -f + 60. Suppose 5*v + c*v + k = f, -k + 6 = 2*v. Let s(q) = q**2 - 2*q + 3. What is s(v)?
6
Let k(l) = -l**3 - l - l**2 + l**2 - 3. Suppose -c + 14 = 4*z + c, 2*z - c = 9. Suppose a - 2*g - 2 = -z*g, g - 1 = -4*a. Calculate k(a).
-3
Let n(a) = -2*a + 2. Let h be 3/((-9)/(-6))*4. Suppose 5*u - 2 - h = 0. Suppose -g - u*j = -0*j + 4, -4 = g + 4*j. Give n(g).
10
Suppose 2*u + 3*q = 1, -4*q + 8 = -0*u + u. Let b = u + 7. Let c(y) = -y**3 - 2*y**3 - b*y + 5*y**3 - 5 - 3*y**2 - y**3. What is c(4)?
-1
Let c(z) = -2*z - 10. Let y(s) = s**2 + 3*s - 25. Let t be y(-6). Give c(t).
4
Let r(a) = a**3 + 2*a**2 - 1. Let k be -1*(-6)/(-1) - 0. Let l = k - -4. Calculate r(l).
-1
Suppose -g = 1 - 4. Let q(a) = -3*a. Let h(x) = -7*x + 1. Let p(j) = -2*h(j) + 5*q(j). Calculate p(g).
-5
Let i(f) = -3*f + 1. Let s be 30/(-7) - (-8)/28. Calculate i(s).
13
Let t(p) = -3 + 4 + p**2 - p - 4*p. Suppose 2*f + 1 = 11. Calculate t(f).
1
Let t(l) = -l**3 - 5*l**2 + 5*l - 5. Let d be t(-6). Let v(i) = -i**3 + i**2 - i + 1. What is v(d)?
0
Let i(v) = -5*v - 5. Suppose 7*l = 10*l + 12. Give i(l).
15
Let w be 10/6*3/1. Suppose 0*r = -r. Let a(l) = 3 - w - 2*l + r. What is a(-2)?
2
Let n(x) be the second derivative of x**3/6 + x**2/2 + x. Let m(p) = -p. Let w be m(6). Determine n(w).
-5
Let g(m) = -m**2 + 5*m - 2. Let p = 46 + -44. Determine g(p).
4
Let l(q) = -6*q - 2. Let n = -203 + 202. Determine l(n).
4
Let c(y) = y**2 + y + 1. Let f(o) = 29*o**2 + 12*o + 9. Let m(i) = 6*c(i) - f(i). Let v(d) = -8*d**2 - 2*d - 1. Let q(z) = 6*m(z) - 17*v(z). Give q(2).
-13
Let h be (-1 - -1)/3 + -3. Let z be 2/h*(-36)/(-4). Let y(a) = a**3 + 7*a**2 + 6*a - 5. Calculate y(z).
-5
Let w(c) = c**3 - 5*c**2 + 5*c - 2. Let x = -9 + 17. Suppose -i - 4 = -x. Suppose b - 20 = -i*b. What is w(b)?
2
Let y(h) = 2*h - 2. Let n(z) = z - 3. Let x(u) = 3*n(u) - 4*y(u). Let g be -1*(-2 + 2/2). What is x(g)?
-6
Suppose y - 3 = 0, 5*y + 6 = -5*t + 21. Let f(m) = 2*m**2 + 0 - 7 + t*m**2 + 8*m - 3*m**2. Determine f(6).
5
Let t = 22 - 18. Let b(x) = -28*x**2 - 1 + 29*x**2 + t - 2*x + x**3. Calculate b(2).
11
Suppose 2*q + 2 = -2*a + 3*q, -3*a = -3*q - 3. Let m(u) = 2*u**2 + 6*u - 1. Let i(w) = -w + 1. Let x(y) = 2*i(y) + m(y). Calculate x(a).
7
Let n be ((-4)/6)/(3 - 520/168). Let j(s) = -2*s + 9. What is j(n)?
-5
Let b(h) = 12 + 6*h**3 - 3*h**2 + h + 2*h**2 - 2*h**3 - 3*h**3. Give b(0).
12
Let m be (-42)/30 + 4/10. Let u be 6/(-4)*6*1. Let d(o) = 21*o**2 - o - 5. Let a(j) = -5*j**2 + 1. Let q(k) = u*a(k) - 2*d(k). Calculate q(m).
2
Let o(c) = 11*c**2 - 3*c + 18. Let w(a) = 5*a**2 - 2*a + 9. Let x(t) = -6*o(t) + 13*w(t). Give x(-9).
0
Let d(o) = -o**3 - o**2 + 4*o - 1. Suppose 2*n + 0*n - 4 = 0. Suppose -n*x + 1 + 3 = 0. Suppose 0 = -4*a + x*a - 6. What is d(a)?
5
Suppose 0 = 4*l - 0*v + v + 11, 3*l - v = -17. Let t(h) be the third derivative of 0 - 1/8*h**4 + h**2 - 1/60*h**5 + 0*h + 5/6*h**3. What is t(l)?
1
Let m = -6 + 10. Let v(a) = 0*a**2 + a**3 + 4*a**2 + a**2 + m + 7*a. Determine v(-4).
-8
Let t = 5 - 2. Let k(i) = i + 8. Let d(p) = -p**3 - 2*p**2 + 3*p - 3. Let y be d(-3). Let l(g) = -3. Let j(x) = y*k(x) - 8*l(x). Calculate j(t).
-9
Let d(q) = -q - 5. Let t be d(-6). Let v(s) be the third derivative of -s**2 + 0*s**3 + 0 + 0*s**5 + 0*s - 1/20*s**6 + 1/24*s**4. What is v(t)?
-5
Let f(r) = -3*r**3 - 4*r**2 - 3*r - 2. Let d(b) = -b**3 + 10*b**2 + 11*b - 2. Let t be d(11). Calculate f(t).
12
Let z(v) = -3*v**2 + 2*v. Let u(k) = k + 9. Let c be u(-7). Suppose 0 = -3*h - c + 8. What is z(h)?
-8
Let a be 2 + 0 + 9 - 3. Suppose 5*w - 15 = 5*v, 2*v - w = -a + 1. Let t = v - -5. Let y(f) = -4*f**2. What is y(t)?
-4
Let s(r) = -r**3 - 6*r**2 - 3*r + 1. Suppose 2*y + 10 = -0*y. What is s(y)?
-9
Let c(a) be the second derivative of -a**4/6 - a**3/6 - a. Let z(x) = -3 - 6*x + 3*x + 2*x. Let h be z(-4). Give c(h).
-3
Let k(z) = 3 - 3*z - 3. Suppose -3*d = 14 + 1. What is k(d)?
15
Let c(a) = -a**3 - 3*a**2 - 3*a - 4. Suppose 4*h = -2*k - 2 + 12, h + 11 = -5*k. Determine c(k).
5
Let v = -2 + 5. Suppose 2*u = -3*j + 5, 2 = -u - v. Let l(d) be the first derivative of -d**2 + 6*d - 1. Calculate l(j).
-4
Let h(t) = t - 1. Let r(p) = -p + 11. Let y be 1*(-1)/((-1)/10). Let s be r(y). Give h(s).
0
Let i(p) be the first derivative of -7*p**4/2 - 2*p**3/3 + p**2/2 + 48. What is i(1)?
-15
Let k(q) be the third derivative of 0*q - 1/120*q**6 + 1/6*q**4 - 3